ghest common factor of y and 40?
8
Let c be 128 - (-1 - 1 - 0). Suppose 4*j = 5*u - 240, 5*u + 2*j = -j + 275. What is the highest common divisor of c and u?
26
Let z = 81 + -33. Calculate the highest common divisor of 64 and z.
16
Let v be (-4)/(-28) + (-68)/(-14). Suppose -v*h + u = -242, 0 = h + u - 8 - 44. Calculate the highest common factor of 7 and h.
7
Let b = 46 + -34. Calculate the highest common factor of 132 and b.
12
Let h = 3 + -3. Let y be 6 + h + -3 - -49. What is the greatest common factor of y and 13?
13
Let r = -24 - -38. What is the greatest common factor of 2 and r?
2
Let p(y) be the third derivative of y**5/60 + 5*y**4/24 + y**3/3 - 13*y**2. Let m = -4 + -2. Let h be p(m). What is the highest common factor of h and 4?
4
Let d be 8 + (-5 - -2 - -5). Calculate the greatest common factor of 40 and d.
10
Suppose t = 3*u - 87, 0*u + 2*u = -t + 63. What is the greatest common divisor of 15 and u?
15
Suppose 5*i - 18 = 3*y, 12 = 4*i + y - 4*y. Let z(f) = 4*f. Let u be z(i). What is the highest common factor of 8 and u?
8
Let z(n) = -n**3 - 12*n**2 - 13*n - 11. Let s be z(-11). Suppose 7*y - 22 = 6*y. What is the highest common divisor of y and s?
11
Suppose 0 = 5*z + 8*z - 650. What is the highest common divisor of z and 25?
25
Let r = 5 - -5. Let v(f) = f**2 - 13*f + 7. Let w be v(r). Let x = w - -40. Calculate the greatest common divisor of x and 17.
17
Suppose 4*f + y - 8 = 62, 0 = -f + 4*y + 9. Let j = f + -11. Suppose -192 = -6*k + 2*k. Calculate the highest common factor of j and k.
6
Let g(i) = -i**3 - 4*i**2 - 7. Let x be g(-5). Let l be 6/(-15) - 94/(-10). Calculate the greatest common factor of l and x.
9
Let b(t) = t**3 - 3*t**2 - 1. Let w be b(4). Let j be (0 + 2)*(-90)/(-12). Calculate the highest common factor of j and w.
15
Suppose -5*h + 80 = 5*h. What is the highest common factor of h and 2?
2
Suppose z = -4*y - 3*z - 16, 5*y - 5*z = -30. Let i be (-6)/(-5)*y/2. Let k = 1 - i. Calculate the greatest common factor of k and 44.
4
Let r(t) = -t**3 - 4*t**2 + 10*t + 4. Let p be r(-7). Let q be 1/(-1 - p/(-78)). What is the greatest common divisor of 39 and q?
13
Let l(w) = 9*w**2 + 7*w - 4. Let t be l(2). Calculate the highest common factor of t and 23.
23
Let l(k) = -k**2 + 3*k + 6. Let t be l(6). Let q be t/9*33/(-2). Let d(y) = 2*y**2 - 7*y - 8. Let f be d(-8). Calculate the greatest common divisor of f and q.
22
Let n(o) = -o**2 - 8*o + 19. Let c be n(-9). What is the greatest common factor of c and 15?
5
Let c be -1*2 + 0 - -5. Suppose 15 = c*s + 2*s. Suppose -s*n + 117 + 81 = 0. What is the greatest common factor of n and 6?
6
Let q(m) = 39*m - 5. Let r be q(3). Calculate the greatest common divisor of 14 and r.
14
Suppose 3*k = -4*q - 5, -2*k - q - 22 = -3*q. Let u = k + 8. What is the greatest common divisor of u and 11?
1
Suppose -3*y + 3*o = 2*y - 79, -6 = -3*o. Calculate the greatest common factor of y and 51.
17
Let z be ((-21)/(-4))/((-11)/44). Let p = z + 34. Calculate the greatest common divisor of p and 130.
13
Suppose 0 = -2*z + 3*y + 69, 4*z - 5*y - 52 = 3*z. Calculate the highest common factor of 9 and z.
9
Let v = -2 - -5. Suppose -p = -4*p + v. Let n be 10 - p/1 - 0. What is the highest common factor of 9 and n?
9
Suppose 291 = 5*l + 3*w + 77, -3*l + 129 = 2*w. Calculate the highest common divisor of 205 and l.
41
Let f(h) = 2*h**2 + 10*h + 8. Let l(u) = u**3 - 8*u**2 + 7*u - 8. Let s be l(7). Let m be f(s). Calculate the highest common factor of m and 7.
7
Suppose 4*w = 5*w - 6. Let k(x) = -x**2 + 8*x - 3. Let b be k(w). Let r = 100 - 64. Calculate the greatest common divisor of r and b.
9
Let a be 1/2 - 35/(-2). What is the greatest common factor of a and 126?
18
Suppose 0 = -7*j + 6*j + 3. Suppose 92 = 4*n + 4*v - v, -j*n = 2*v - 68. What is the greatest common factor of 10 and n?
10
Let d = -69 - -129. Let r(q) = -5*q**3 - 2*q**2 + 3*q - 2. Let f be r(-2). Calculate the highest common divisor of d and f.
12
Let k = -15 + 6. Let m be (-3)/k - 76/(-6). Calculate the greatest common factor of m and 91.
13
Let i(v) = v**2 - 5*v - 1. Let p be i(5). Let c be 2 + -6 + 4 + -2. Let z = p - c. Calculate the greatest common divisor of 11 and z.
1
Suppose 4*c = 4, 0*c + 5*c - 365 = -4*o. What is the greatest common divisor of o and 18?
18
Let t be (-4)/18 + (-65)/(-9). Let w(p) = -2*p**2 - 3 - 4 + 9*p + p**2. Let u be w(t). What is the highest common divisor of 7 and u?
7
Let g = 3 + 1. Let w be 1/2 - (-294)/g. Suppose -w = -2*y + 14. Calculate the highest common factor of 4 and y.
4
Let o = -659 - -406. Let p be 1/(-2 + o/(-126)). Suppose -31 - 25 = -4*b. Calculate the highest common factor of p and b.
14
Let s(x) = -x**3 + 5*x**2 + 6*x - 7. Let g be s(6). Let p = 16 + g. Calculate the highest common divisor of 6 and p.
3
Let t(p) be the first derivative of p**4/4 + 7*p**3/3 - p**2/2 - p + 6. Let d be t(-7). What is the greatest common factor of 30 and d?
6
Suppose 5*c - 20 = -4*a + 2*c, -3*c = 12. Let x(u) = -u**2 + 5*u - 7. Let l be x(14). Let g = l + 189. What is the highest common divisor of a and g?
8
Suppose -2*j = -0*j - 50. Suppose -100 = -5*w + 5*k, -w - k + j = w. What is the greatest common factor of w and 135?
15
Suppose 12 = -3*s + 2*s. Let z = s + 18. Calculate the highest common divisor of 18 and z.
6
Let n(t) = -t**3 - 12*t**2 + 10*t - 15. Let k be n(-13). Calculate the greatest common divisor of k and 12.
12
Let s = 40 + -15. Let j be 2/(-10) + 1105/s. What is the highest common divisor of j and 11?
11
Suppose 0*o + 25 = 5*s - 4*o, 2*s = -o + 10. Suppose -s*l - 14 + 164 = 0. Calculate the highest common factor of l and 270.
30
Let r = -102 - -50. Let y be r/(-14) - 16/(-56). Calculate the highest common divisor of y and 44.
4
Let b = -31 - -37. Let w be (-2)/(-11) - (-2)/(-11). Let d = 2 + w. What is the greatest common factor of d and b?
2
Suppose 2*k + 4 = 3*k. Let n be 1 + 8/(k - 2). Suppose n*j - 90 = -0*j. What is the greatest common divisor of j and 45?
9
Let a be 8/(-14) + -10*(-5)/14. What is the highest common factor of a and 21?
3
Suppose -2*v + 4*p + 3 = -23, -5*p = 3*v - 6. Calculate the greatest common factor of 7 and v.
7
Let u(d) = -3*d**3 - 10*d**2 + d + 6. Let x be u(-5). What is the highest common divisor of x and 14?
14
Let a = 33 + -28. What is the greatest common divisor of 5 and a?
5
Suppose 14 = -3*g - 7. Let q(c) = -c**2 - 9*c + 7. Let k be q(g). What is the greatest common factor of k and 231?
21
Let t(x) = -5*x + 1. Let u be t(-3). Calculate the greatest common divisor of 32 and u.
16
Suppose -2*t = -4*t + 8. Suppose 6*s - 4*s - 178 = 4*j, 0 = -2*s - t*j + 202. What is the highest common divisor of 38 and s?
19
Suppose 32 = 2*p - 0*p. Suppose -2*g - 5*h - 6 = 0, 2 + 13 = -5*g + 3*h. Let r be 6/g + 6 - -4. Calculate the greatest common factor of r and p.
8
Let u(t) = 5*t - 1. Let z be u(1). Suppose -20 + 6 = -z*y + 3*r, -5*r = -3*y + 5. What is the greatest common divisor of 45 and y?
5
Let b(v) = 8*v**2 + 3*v. Let w be b(3). Suppose s = -s - 2. Let a = s + 10. What is the greatest common divisor of w and a?
9
Let p(j) = -2*j**2 + 5*j + 3. Let r be p(4). Let z = r - -18. Let g be (-111)/(-12) - (-1)/(-4). Calculate the greatest common divisor of z and g.
9
Suppose 2*k - 18 = -2*f, 0 = 5*k + 3*f - 63 + 16. Calculate the greatest common divisor of k and 40.
10
Suppose 0 = 5*n - 3*f - 28 - 12, -f - 40 = -5*n. Suppose -10 = -2*q, -56 - 62 = -3*z - 2*q. Let p = 100 - z. What is the greatest common divisor of n and p?
8
Suppose -4*m + 3*v + 177 = 0, 5*v = m + v - 41. Calculate the highest common divisor of 5 and m.
5
Let o = -43 + 69. What is the greatest common factor of 208 and o?
26
Suppose -4*i + i + 63 = 4*m, -2*m = -2*i - 14. Let x = -10 + m. Calculate the greatest common divisor of 2 and x.
2
Suppose -x = 4*x - 25. Suppose 0 = x*m + 4*c - 12, 2*m - 6*m - 3*c + 10 = 0. Let v = 117 + -113. What is the greatest common factor of m and v?
4
Suppose 0*d = 4*d - 100. Suppose 2*u + 28 = 4*u + 2*x, -5*x = d. Let a be 0 + 2 + 208 + -1. What is the greatest common factor of u and a?
19
Suppose -i = -8*i + 952. Calculate the greatest common divisor of i and 17.
17
Suppose -3*x + 2*c = 3, -c = -6*c. Let m be ((-3)/(-6))/(x/(-18)). Suppose -4*b + 297 = -b. What is the g